
Let i(j) = -j**2 + 18*j - 31. What is i(13)?
34
Let x(q) = 32*q + 1630. Determine x(-52).
-34
Let t(c) = -c**3 + 65*c**2 - 54*c + 3532. Determine t(65).
22
Let r(j) = -2*j**3 - 113*j**2 - 49*j + 401. What is r(-56)?
9
Let l(c) = 11*c + 22. What is l(-4)?
-22
Let u(v) = -48*v**2 + 12*v - 33. Calculate u(3).
-429
Let g(n) = -5*n**2 - 149*n - 1054. Calculate g(-9).
-118
Let n(g) = 2*g**3 + 146*g**2 - 2*g - 144. What is n(-73)?
2
Let f(r) = 20*r - 141. Determine f(6).
-21
Let a(j) = -j**3 + 11*j**2 - 13*j + 2. Calculate a(5).
87
Let s(r) = 2*r**3 - 6*r**2 + 10*r - 4. Give s(2).
8
Let k(z) = -3947*z + 59185. Give k(15).
-20
Let d(r) = -979*r + 25440. Determine d(26).
-14
Let d(f) = -2*f**3 - 31*f**2 + 8*f + 326. What is d(-15)?
-19
Let i(u) = 449*u - 2692. What is i(6)?
2
Let d(l) = 20*l - 15. Determine d(-2).
-55
Let v(c) = 297*c**2 + 11*c - 3. What is v(-1)?
283
Let m(l) = -2082*l**3 + 10411*l**2 - 4*l - 11. What is m(5)?
-6
Let b(l) = 36*l**2 - 720*l - 8. Determine b(20).
-8
Let d(c) = c**3 + 43*c**2 - 175*c + 612. Calculate d(-47).
1
Let u(h) = -3*h**2 - 106*h + 77. Calculate u(-36).
5
Let u(v) = -v**2 - 8*v + 21. What is u(-10)?
1
Let p(r) = 3*r**2 - 59*r - 63. Give p(19).
-101
Let v(s) = -978*s + 68449. Calculate v(70).
-11
Let o(w) = 517*w + 1558. What is o(-3)?
7
Let b(i) = 2*i**2 - 47*i - 301. Give b(27).
-112
Let k(x) = -3849*x - 15426. What is k(-4)?
-30
Let i(n) = 12*n - 9. What is i(5)?
51
Let d(z) = 406*z + 2034. What is d(-5)?
4
Let p(i) = 267*i - 6719. What is p(25)?
-44
Let g(x) = 16*x**2 - 6*x - 38. Calculate g(-2).
38
Let w(k) = -2*k**2 - 13*k + 47. What is w(-10)?
-23
Let y(z) = 2156*z + 10785. Determine y(-5).
5
Let g(z) = 2*z**2 + 585*z - 6036. What is g(10)?
14
Let c(a) = 2*a**2 + 222*a - 1400. What is c(-117)?
4
Let a(b) = 31*b**3 - 62*b**2 + 12*b - 28. Calculate a(2).
-4
Let p(u) = -u**2 - 5*u + 199. Give p(-16).
23
Let j(a) = -806*a + 4179. Calculate j(5).
149
Let h(u) = -3*u**3 + 180*u**2 - 180*u + 243. Give h(59).
66
Let h(j) = 2377*j - 9508. What is h(4)?
0
Let x(j) = 2*j**3 - 11*j**2 - 60*j + 30. Give x(8).
-130
Let r(x) = -115*x - 19. Calculate r(-1).
96
Let y(q) = q**3 - 21*q**2 + 3*q - 69. Give y(21).
-6
Let a(x) = 4*x**2 - 217*x + 420. Give a(2).
2
Let m(c) = 761*c - 6136. Give m(8).
-48
Let i(j) = -3*j**2 - 66*j - 205. What is i(-3)?
-34
Let i(f) = 178*f - 1599. Determine i(9).
3
Let g(n) = -n**3 + 56*n**2 + 8*n - 22. Give g(0).
-22
Let f(x) = -x**3 + 40*x**2 + 76*x - 1. Calculate f(-2).
15
Let x(m) = -m**2 + 67*m + 666. Determine x(76).
-18
Let h(f) = -f**2 + 338*f - 3581. Determine h(11).
16
Let z(f) = -81430*f + 651441. Give z(8).
1
Let h(n) = 25*n**2 + 518*n - 719. Give h(-22).
-15
Let s(w) = w**3 - 14*w**2 - 101*w + 117. Calculate s(19).
3
Let y(u) = -2*u**3 - 37*u**2 + 37*u + 369. Determine y(-19).
27
Let c(v) = -588*v - 4728. Give c(-8).
-24
Let r(u) = -2*u**3 + 29*u**2 - 69*u + 179. Calculate r(12).
71
Let f(v) = v**2 + 4*v - 44. Give f(-11).
33
Let g(x) = -x**2 - 22*x + 124. Determine g(17).
-539
Let w(q) = q**3 + 17*q**2 + 364*q + 2339. Give w(-8).
3
Let v(x) = 13*x**2 + 20*x + 43. What is v(-5)?
268
Let x(j) = j**2 + 3372*j + 20209. Give x(-6).
13
Let v(j) = -j + 68. Give v(56).
12
Let h(y) = 2*y**3 - 3*y**2 - 7*y + 19. What is h(6)?
301
Let h(b) = -263*b - 2412. Calculate h(-9).
-45
Let y(z) = 2*z**3 + 5*z**2 - 2*z - 52. Calculate y(-5).
-167
Let u(o) = -523*o**2 + 14*o - 13. Determine u(1).
-522
Let y(p) = 16*p**2 - p - 15. Give y(-2).
51
Let l(n) = -67*n**3 + 35*n**2 + 34*n + 1. Calculate l(-1).
69
Let h(b) = -135*b**2 + 9*b - 13. What is h(2)?
-535
Let d(w) = -2*w**3 + 11*w**2 + 36*w - 22. Determine d(8).
-54
Let w(v) = v**3 - 50*v**2 - 104*v - 1. Determine w(52).
-1
Let c(g) = g**3 - 28*g**2 + 5*g - 72. Determine c(28).
68
Let q(j) = j**2 + 15*j - 14208. What is q(111)?
-222
Let i(m) = 40398*m - 282785. Give i(7).
1
Let w(h) = -2*h**3 - 96*h**2 + 97*h - 56. What is w(-49)?
-7
Let t(p) = -1870*p + 5635. What is t(3)?
25
Let u(m) = -4*m**2 - 135*m - 102. Give u(-33).
-3
Let v(d) = -d**2 - 14*d - 89. Give v(-7).
-40
Let h(x) = -95*x**2 + 2760*x - 145. Calculate h(29).
0
Let z(c) = -c**3 + 13*c**2 - 3*c - 36. Calculate z(7).
237
Let h(s) = 2*s**2 + 193*s + 825. Calculate h(-92).
-3
Let z(v) = 17*v**2 - 879*v - 264. What is z(52)?
-4
Let a(q) = 44*q - 781. Calculate a(19).
55
Let k(a) = a**3 + 133*a**2 - 268*a + 269. Determine k(-135).
-1
Let i(f) = f**2 - 164*f - 2122. Calculate i(-12).
-10
Let v(a) = -186*a + 524. Determine v(3).
-34
Let j(l) = -47*l**3 - 6*l**2 - 7*l. What is j(-1)?
48
Let x(h) = h**3 - 13*h**2 - 113*h + 1410. Determine x(13).
-59
Let u(f) = f**3 - 3*f**2 - 60*f - 33. What is u(-6)?
3
Let i(b) = 4*b**2 - 3*b - 14. Calculate i(-2).
8
Let v(m) = -m**3 - 13*m**2 + 40*m + 335. Give v(-14).
-29
Let r(w) = 16*w - 193. Give r(23).
175
Let w(g) = -2*g**3 - 141*g**2 - 356*g - 1112. Determine w(-68).
-24
Let y(s) = 2*s**2 + 66*s + 135. Determine y(-2).
11
Let a(h) = -h**3 - 2*h**2 + 45. What is a(0)?
45
Let k(t) = -27*t**3 - 106*t**2 - t + 6. What is k(-4)?
42
Let a(x) = -1632*x + 32648. Determine a(20).
8
Let z(w) = 45*w + 934. What is z(-19)?
79
Let i(h) = h**3 + 12*h**2 + 19*h + 79. What is i(-11)?
-9
Let a(l) = 434*l + 62061. Give a(-143).
-1
Let b(q) = 2*q**2 + 6*q - 115. Determine b(0).
-115
Let j(l) = -l**3 - 9*l**2 + 140*l - 42. Give j(-17).
-110
Let i(d) = 27*d**2 + 363*d + 340. Give i(-1).
4
Let l(g) = 6*g**3 - 69*g**2 + 24*g + 23. What is l(11)?
-76
Let d(y) = y**2 - 17*y + 8. Give d(9).
-64
Let y(z) = z**2 - 6*z - 49. Give y(-10).
111
Let m(r) = -r**2 - 35*r - 63. What is m(-32)?
33
Let d(g) = -637*g - 24. Determine d(0).
-24
Let i(r) = 65*r + 7753. Determine i(-119).
18
Let c(x) = 38*x**3 - x**2 + 2. Determine c(1).
39
Let b(m) = -3*m + 178. What is b(56)?
10
Let i(t) = -2*t**3 - 11*t**2 + 21*t + 97. What is i(-6)?
7
Let z(m) = 320*m**2 + 35202*m + 218. What is z(-110)?
-2
Let x(q) = q**3 - 2*q**2 - 562*q + 563. Determine x(1).
0
Let p(g) = -g**2 - 67*g - 1132. Determine p(-32).
-12
Let p(w) = -107*w - 4658. Calculate p(-42).
-164
Let x(t) = -49*t - 906. Give x(-45).
1299
Let r(s) = -s**3 - 58*s**2 + 248*s + 1443. Determine r(7).
-6
Let k(s) = 74*s - 617. What is k(10)?
123
Let r(h) = 13*h**3 - 72*h**2 + 74*h + 29. Give r(4).
5
Let g(o) = o**3 + 19*o**2 - 27*o - 106. Determine g(-20).
34
Let m(d) = 434*d + 858. Determine m(-2).
-10
Let k(t) = 5*t + 28. Give k(6).
58
Let y(z) = 191*z - 7827. Determine y(41).
4
Let j(l) = l**2 + 47*l - 463. Give j(-64).
625
Let f(p) = p**3 - 7*p**2 - 286*p - 17. Give f(-14).
-129
Let c(y) = y**3 + 6*y**2 - 59*y - 11. Give c(-11).
33
Let o(f) = -183*f + 2514. Determine o(16).
-414
Let m(i) = 4*i**2 + 15*i - 13. Calculate m(1).
6
Let v(j) = j**2 + 5*j - 14. What is v(8)?
90
Let s(h) = 9*h**2 - 42*h - 142. Calculate s(7).
5
Let s(w) = 49*w - 2857. What is s(60)?
83
Let q(j) = -j**2 - 78*j - 1388. Calculate q(-35).
117
Let n(h) = -7*h - 326. Give n(-74).
192
Let c(w) = -80*w**2 + 84*w + 168. Calculate c(-2).
-320
Let q(l) = 27*l - 125. What is q(4)?
-17
Let p(s) = 2*s**3 + 117*s**2 + 674*s - 59. Give p(-52).
45
Let j(u) = 23*u**2 - 326*u - 1943. Determine j(-6).
841
Let h(u) = -162*u + 1129. Determine h(7).
-5
Let f(g) = -638*g + 4677. What is f(7)?
211
Let s(z) = -2*z**3 - 13*z**2 + 55*z - 495. Determine s(-11).
-11
Let k(q) = 3*q**3 - 50*q**2 - 17*q - 3. What is k(17)?
-3
Let b(f) = -3*f**2 - 907*f + 6498. Calculate b(7).
2
Let o(d) = d**3 - d**2 - 8*d + 11. Give o(0).
11
Let p(f) = 16*f - 260. Calculate p(15).
-20
Let h(d) = 4066*d - 4070. Give h(1).
-4
Let j(x) = -x**2 + 4*x + 278. What is j(-15)?
-7
Let h(t) = 1017*t - 19329. Determine h(19).
-6
Let a(d) = -3*d**2 + 25*d - 43. What is a(6)?
-1
Let i(n) = 789*n - 5522. Calculate i(7).
1
Let b(l) = 8*l**2 + 327*l + 3340. What is b(-21)?
1
Let x(w) = 11*w**2 - 3151*w + 1428. Give x(286).
-2
Let h(k) = -432*k**2 + 8*k + 1. What is h(1)?
-423
Let o(c) = -3*c**2 + 140*c - 541. What is o(42)?
47
Let v(u) = 6*u**3 + 8*u**2 + 8*u + 10. Calculate v(-4).
-278
Let g(o) = -245*o - 3430. Give g(-14).
0
Let h(o) = -76*o**2 + 367*o - 6. Calculate h(4).
246
Let k(i) = 25247*i + 176727. Give k(-7).
-2
Let b(l) = 3*l**2 - 7*l + 11. Determine b(5).
51
Let u(i) = 128*i**2 + 79*i - 78. What is u(1)?
129
Let c(x) =